?
9
What is the hundreds digit of 1479192614?
6
What is the thousands digit of 44153993?
3
What is the thousands digit of 962695897?
5
What is the ten thousands digit of 84919966?
1
What is the tens digit of 70587541?
4
What is the hundreds digit of 4389775401?
4
What is the tens digit of 72551089?
8
What is the ten millions digit of 1716485523?
1
What is the tens digit of 552406235?
3
What is the ten millions digit of 306340309?
0
What is the millions digit of 264976704?
4
What is the hundreds digit of 332547002?
0
What is the ten thousands digit of 910477500?
7
What is the ten millions digit of 41928028?
4
What is the hundreds digit of 93051347?
3
What is the ten thousands digit of 8219785?
1
What is the hundreds digit of 80576480?
4
What is the ten millions digit of 444757582?
4
What is the ten millions digit of 85379902?
8
What is the hundred thousands digit of 98723096?
7
What is the ten thousands digit of 131824658?
2
What is the tens digit of 42669351?
5
What is the ten thousands digit of 584124163?
2
What is the hundred thousands digit of 130132221?
1
What is the hundreds digit of 83048167?
1
What is the hundreds digit of 2848807343?
3
What is the tens digit of 3389163476?
7
What is the millions digit of 751487737?
1
What is the tens digit of 374885712?
1
What is the units digit of 7302234856?
6
What is the thousands digit of 5081951373?
1
What is the ten thousands digit of 36860672?
6
What is the ten millions digit of 23516635?
2
What is the millions digit of 74796349?
4
What is the ten millions digit of 332307287?
3
What is the hundred millions digit of 678887896?
6
What is the millions digit of 342182707?
2
What is the tens digit of 119511103?
0
What is the ten millions digit of 113244178?
1
What is the ten thousands digit of 49378744?
7
What is the thousands digit of 138401018?
1
What is the ten thousands digit of 3511177980?
7
What is the ten millions digit of 5408222141?
0
What is the ten millions digit of 26392213?
2
What is the tens digit of 29296671?
7
What is the hundred millions digit of 393338958?
3
What is the hundred millions digit of 345485110?
3
What is the millions digit of 245068141?
5
What is the units digit of 132614378?
8
What is the ten thousands digit of 183337973?
3
What is the ten thousands digit of 72580252?
8
What is the tens digit of 5794461?
6
What is the ten millions digit of 4421447024?
2
What is the millions digit of 1456897530?
6
What is the units digit of 198562650?
0
What is the hundred thousands digit of 5528164?
5
What is the tens digit of 381487532?
3
What is the ten millions digit of 329041430?
2
What is the thousands digit of 18652922?
2
What is the thousands digit of 31423219?
3
What is the hundreds digit of 72260790?
7
What is the ten millions digit of 3727751302?
2
What is the ten thousands digit of 21237618?
3
What is the millions digit of 50077175?
0
What is the thousands digit of 103601433?
1
What is the hundred thousands digit of 94873406?
8
What is the hundred thousands digit of 166430114?
4
What is the hundreds digit of 52571963?
9
What is the ten millions digit of 2570377332?
7
What is the ten millions digit of 21224891?
2
What is the ten millions digit of 3485582529?
8
What is the ten millions digit of 42690619?
4
What is the tens digit of 53864923?
2
What is the units digit of 56232542?
2
What is the hundreds digit of 630565136?
1
What is the ten millions digit of 44163151?
4
What is the ten thousands digit of 5422410255?
1
What is the hundred thousands digit of 166639875?
6
What is the ten millions digit of 14992036?
1
What is the hundreds digit of 2090064789?
7
What is the units digit of 275821371?
1
What is the hundreds digit of 18275478?
4
What is the thousands digit of 29847594?
7
What is the hundred thousands digit of 53246012?
2
What is the billions digit of 2494908133?
2
What is the hundreds digit of 1077737236?
2
What is the ten thousands digit of 1312810112?
1
What is the hundred millions digit of 1388786859?
3
What is the ten thousands digit of 454503048?
0
What is the ten thousands digit of 6803420?
0
What is the hundred millions digit of 332873531?
3
What is the millions digit of 361116927?
1
What is the thousands digit of 37912751?
2
What is the tens digit of 57649466?
6
What is the hundred thousands digit of 158487993?
4
What is the hundreds digit of 1382029067?
0
What is the hundreds digit of 348148352?
3
What is the millions digit of 159860194?
9
What is the hundred millions digit of 453397334?
4
What is the billions digit of 2326798665?
2
What is the hundred millions digit of 622453512?
6
What is the hundred thousands digit of 71931362?
9
What is the hundred thousands digit of 39249156?
2
What is the tens digit of 2248923875?
7
What is the millions digit of 984824947?
4
What is the thousands digit of 57181814?
1
What is the ten thousands digit of 15172878?
7
What is the millions digit of 147252112?
7
What is the ten millions digit of 332341824?
3
What is the billions digit of 1036863675?
1
What is the ten thousands digit of 2689806744?
0
What is the hundred thousands digit of 686308?
6
What is the hundreds digit of 115646703?
7
What is the ten millions digit of 50823480?
5
What is the units digit of 830361393?
3
What is the hundred millions digit of 194105950?
1
What is the ten millions digit of 154887055?
5
What is the millions digit of 1920404738?
0
What is the units digit of 1158052722?
2
What is the hundred thousands digit of 14386145?
3
What is the thousands digit of 16255202?
5
What is the ten millions digit of 3702620190?
0
What is the millions digit of 111985374?
1
What is the thousands digit of 439251098?
1
What is the hundred thousands digit of 187468357?
4
What is the thousands digit of 36023288?
3
What is the ten thousands digit of 539607285?
0
What is the hundreds digit of 102748721?
7
What is the ten millions digit of 39377038?
3
What is the hundreds digit of 194987450?
4
What is the units digit of 486555786?
6
What is the hundred thousands digit of 7258179?
2
What is the millions digit of 74780371?
4
What is the thousands digit of 1326382995?
2
What is the hundred thousands digit of 1244062126?
0
What is the millions digit of 888456706?
8
What is the tens digit of 13804134?
3
What is the hundred thousands digit of 173100651?
1
What is the tens digit of 39760422?
2
What is the hundred thousands digit of 76785039?
7
What is the hundreds digit of 727407228?
2
What is the tens digit of 141322913?
1
What is the hundreds digit of 538615275?
2
What is the millions digit of 72880616?
2
What is the millions digit of 143626766?
3
What is the hundreds digit of 3748923492?
4
What is the tens digit of 1196954825?
2
What is the tens digit of 191398943?
4
What is the ten thousands digit of 596773971?
7
What is the thousands digit of 176266857?
6
What is the hundred thousands digit of 953143684?
1
What is the units digit of 472851860?
0
What is the hundred thousands digit of 90341210?
3
What is the millions digit of 137426368?
7
What is the ten thousands digit of 2934337038?
3
What is the thousands digit of 2162092?
2
What is the thousands digit of 112462655?
2
What is the tens digit of 227459369?
6
What is the billions digit of 2123522202?
2
What is the hundred thousands digit of 119318782?
3
What is the thousands digit of 7242110766?
0
What is the tens digit of 97795526?
2
What is the units digit of 375187098?
8
What is the hundred millions digit of 293714237?
2
What is the hundreds digit of 4174689516?
5
What is the ten thousands digit of 446638592?
3
What is the billions digit of 1083088415?
1
What is the ten millions digit of 45240603?
4
What is the hundreds digit of 58157524?
5
What is the thousands digit of 8527258?
7
What is the hundred thousands digit of 31804769?
8
What is the ten millions digit of 1692874865?
9
What is the hundred thousands digit of 63453958?
4
What is the tens digit of 511405797?
9
What is the millions digit of 1706474025?
6
What is the hundred thousands digit of 318760815?
7
What is the millions digit of 104042429?
4
What is the tens digit of 657339073?
7
What is the tens digit of 569647679?
7
What is the tens digit of 157097503?
0
What is the hundred thousands digit of 554616684?
6
What is the tens digit of 4391955807?
0
What is the